units digit of m?
1
Let d(z) = z**3 - 2*z**2 + z + 4. Let p be d(3). Let j be 2 + -1 + p + -4. Suppose -4*a = -j - 27. What is the units digit of a?
0
Suppose -2*f + 5*s + 0 = 4, 5*s - 20 = 0. Let q(y) = 2*y**2 + 10*y + 6. Let z be q(-6). What is the units digit of f/3*z/8?
6
Let j = 18 - 8. Suppose -6 = -4*q + j. Let k = -3 + q. What is the units digit of k?
1
Let w(s) = s**2 - 9*s - 6. Let z be w(8). Let y = 20 + z. What is the units digit of y?
6
Suppose 0 = -k - 4*l - 4, 10*k + 5 = 5*k - 5*l. Suppose k = -3*x + 5 - 2. What is the units digit of x?
1
Let n(y) = y**3 - 2*y**2 + 2*y. Let m be n(2). Let u = m + 9. What is the tens digit of u?
1
Let n(c) = -2*c + 5. Let b be n(4). Let a be 0 + -2 + 2 - b. Suppose 17 = 2*j - a. What is the units digit of j?
0
Let s(l) be the first derivative of l**2/2 + 6*l - 2. What is the units digit of s(0)?
6
What is the units digit of ((-2)/(-4))/(1/20)?
0
What is the units digit of 4 + 5/(20/16)?
8
Suppose 5*m - 18 + 3 = 0. Let s(c) = -6 + 0*c**3 + 0*c**m - 9*c + c**3 + 5*c**2. What is the units digit of s(-6)?
2
Let h(d) = d**2 + 10*d - 11. Let g be h(-5). What is the tens digit of 3 + (-3 - g) + 2?
3
Let b(m) = -m**3 - 6*m**2 - 2*m - 3. What is the units digit of b(-6)?
9
Let y(f) = 6*f**2 - f + 2. What is the units digit of y(2)?
4
Suppose 5*j - 2 = 13. Suppose -j*b + 8 = s, -6 = -b - 4. What is the units digit of s?
2
Let c(a) = -5*a**3 - 3 + a - 2*a - 6*a**2 + 4*a**3. Let h be c(-6). What is the units digit of (1/3)/(h/63)?
7
Suppose -4*t = -13 - 7. Suppose -3*l - 5*b + 7 = 0, -3*b - 2 = -l - t*b. What is the units digit of l?
4
Let q(t) = t**2 + 4*t. Let z be q(5). Let s = 63 - z. Suppose 4*f = a - 3*a + 16, 5*f - s = -2*a. What is the units digit of a?
4
Suppose y - 3*y = 0. Let f = 1 - y. Let v = 5 - f. What is the units digit of v?
4
Let w = 12 - 12. What is the tens digit of (-3)/(-6)*(w - -72)?
3
Suppose -4*f + 40 = 4*c, -5*c + f = -2*f - 82. Let l = 9 + c. What is the units digit of l?
3
Let k(d) = 3*d**2 + 4*d - 4. Let i = -10 - -6. What is the tens digit of k(i)?
2
Let j = 9 - 4. Suppose k + 1 = j*y, -k + 6*k = y - 5. Suppose 4*m + y*m = 40. What is the tens digit of m?
1
Let y(f) = f - 4. Let w be y(3). Let x = 0 + -5. Let v = w - x. What is the units digit of v?
4
Let s(u) be the third derivative of -u**6/120 - u**5/10 + u**4/12 + u**3/3 + u**2. Let f be s(-6). Let d = f - -17. What is the units digit of d?
7
Suppose -2*b + 195 = -3*n, n = -2*n + 9. What is the units digit of b?
2
Let h(z) = -z + 39. What is the units digit of h(19)?
0
Suppose -2*b - 17 = -3*i, i - 4*b = -0*b + 19. Suppose i*l - r = 23, -l + 15 = 2*l + 3*r. What is the units digit of l?
7
What is the tens digit of 11/(33/585)*4/6?
3
Suppose 0 = -4*l - 2 - 46. Let p be (-2)/(-8) + 3/l. Suppose -3 = v, p = -k + 2*v + 17 + 3. What is the tens digit of k?
1
Suppose -5*m + u + 50 = 0, m + u - 60 = -4*m. What is the tens digit of m?
1
Suppose -2*h + 3*d + 26 + 17 = 0, 36 = 4*h + 4*d. Suppose -3*j + 2*u = 8, -4*j + 2*u - h + 0 = 0. Let m = j + 16. What is the tens digit of m?
1
Let m = 4 - -2. Let x(b) = -b**3 + 4*b**2 - 3*b. Let k be x(2). Suppose -k*n + m = -0*n. What is the units digit of n?
3
What is the units digit of (-24)/(-6) - 3/(-1)?
7
Suppose 0*z + 138 = z - 5*h, -4*h - 294 = -2*z. What is the hundreds digit of z?
1
What is the units digit of ((-51)/(-4))/(14/56)?
1
Suppose 131 = 2*r + 41. What is the tens digit of r?
4
Suppose 2*z - 194 + 60 = 0. Suppose -107 - 2 = -4*p - 5*g, -2*p - 5*g = -z. What is the units digit of p?
1
Let q be 4/(-6) + (-18)/(-27). Suppose 3*f + 3*w - 42 = -0*f, 4*f + w - 47 = q. What is the units digit of f?
1
Let s(p) = 2*p**2 - 2*p - 3. Let r be s(3). Suppose 4*c - r*c + 180 = 0. What is the units digit of c?
6
Let t(p) = p**2 - 9*p + 2. Let k be t(6). Let v be k/(-7) - (-4)/(-14). Suppose 2*r - 2*j - j = 5, v*r + 3*j - 23 = 0. What is the units digit of r?
7
Suppose -3*i = -5*z - 232 - 78, -2*i + 194 = 3*z. What is the units digit of i?
0
Suppose 7*b - 275 = 12. What is the tens digit of b?
4
Let y(g) = g**2 - 5*g - 8. Let h(r) = r**3 + 6*r**2 + 7. Let d be h(-6). What is the units digit of y(d)?
6
Suppose -z - 5*j = -3*z + 124, -z = -3*j - 61. What is the units digit of z?
7
What is the tens digit of 1000/36 + 4/18?
2
What is the tens digit of 174/3*2/4?
2
Let j(s) be the first derivative of 3*s**2 - 1. What is the tens digit of j(2)?
1
Let m(w) = -18*w + 14. What is the hundreds digit of m(-6)?
1
Let v(t) = 9*t - 1. Let h be v(2). Suppose 5*u + 0 = -2*k - 13, -3*k - h = 5*u. What is the units digit of ((-3)/(-9))/(u/(-3))?
1
Let v = -5 + 0. Let c = 1 - v. What is the units digit of c?
6
Let v = 1 - 2. Let c be v/(-2)*-3*-2. Suppose -3*m + f + 14 = c*f, -3*m + 9 = 3*f. What is the units digit of m?
8
Let h be 0 - (0 - (2 + 0)). Suppose -3*y - 13 = -2*k + 4, -10 = h*y. What is the units digit of k?
1
What is the tens digit of 14*((-15)/(-6) + 1)?
4
Let k(s) = -s**2 + 30*s - 48. What is the tens digit of k(25)?
7
Suppose 6 = -5*a - 4. Let f = 6 + a. What is the units digit of f?
4
Let c(r) = -r**2 + 6*r - 1. Let m be c(5). Suppose -2*y + 10 - m = 0. What is the units digit of y?
3
Let u = -44 - -175. What is the units digit of u?
1
Let p = 39 - 28. What is the units digit of p?
1
Let l(o) = -5*o**2 - 12*o - 2. Let d(c) = -2*c**2 - 4*c - 1. Let m(n) = -11*d(n) + 4*l(n). What is the units digit of m(3)?
9
Let o(r) = 0 + 2*r + r**2 + 3 + 1. What is the units digit of o(-3)?
7
Suppose 4*j - 56 = -b - 4*b, 5*j = 3*b - 4. Let s = 13 - b. Suppose 0*y - s*y + 45 = 0. What is the units digit of y?
9
Let k be (3 - 17) + 1*-2. Let c be k/(-6)*(-3)/(-2). Suppose f - h = -c*f + 16, -f = 3*h. What is the units digit of f?
3
Suppose -15*k + 13*k = -226. What is the tens digit of k?
1
Suppose 3*o - 8*o = 285. Let w be (-10)/(-15)*o/(-2). Suppose -u - 3*x + w = 0, 0 = 5*x - 15 - 10. What is the units digit of u?
4
Suppose 3*a + 9 = 6*a. Suppose -2*h - a*p = 7, -p - 11 = h + 2*p. What is the units digit of h?
4
Let w = 9 - 4. Suppose -3 - w = -2*n. Suppose 3*r + 5*j = -2 + 17, n*j + 52 = 4*r. What is the tens digit of r?
1
Let o = 5 + -1. What is the units digit of o?
4
Let c be ((-12)/16)/((-2)/96). Suppose -21 = -3*w + c. Let o = 27 - w. What is the units digit of o?
8
What is the tens digit of 2920/52 + (-4)/26?
5
Let v = 240 + -110. What is the units digit of v?
0
Suppose -1 = -2*j + 5. Let q be (-2 + 6)/(-2) + j. What is the units digit of 36/6 + -1 + q?
6
Suppose 0 = -6*a + a. What is the tens digit of a + (-7)/((-7)/10)?
1
Suppose v - 3*b + 1 = 0, 71 = -6*v + 10*v + 3*b. What is the tens digit of v?
1
Let j(w) = 18*w**2 + w + 21*w**2 - 17*w**2. What is the units digit of j(-1)?
1
Let m be 0/(4 + -2)*1. Suppose -2*f - 6 = z - 5, -f - 1 = m. Suppose w - 6 = -z. What is the units digit of w?
5
Suppose -c + 2*c = -28. Suppose 0 = 2*y + 4, 0 = -5*k - 4*y - 92 - 6. Let x = k - c. What is the units digit of x?
0
Let w = -13 + 76. What is the tens digit of w?
6
What is the units digit of 94/10 - (-26)/(-65)?
9
Suppose 11*s = 7*s + 5*g + 70, -2*s - 4*g + 48 = 0. What is the units digit of s?
0
Suppose -4*y = -3*y - 88. What is the tens digit of y?
8
Let d(g) = -2*g**2 - 12*g - 5. What is the units digit of d(-5)?
5
Suppose -5*c + 0*s = -s - 236, 0 = -5*c + 2*s + 232. Suppose 0 = 4*u + 2*d - 150, 3*u - 5*d - 84 = c. What is the tens digit of u?
3
Let c(h) = 2*h**2 + 5*h - 3. Let d = -18 - -12. What is the units digit of c(d)?
9
Let h(n) = 4*n - 12. Let u(j) = j - 1. Let v(p) = -h(p) + 5*u(p). Let s be v(-6). Suppose 4*g + s - 5 = 0. What is the units digit of g?
1
Let m be (6/12)/(3/498). Let u = m - 47. What is the units digit of u?
6
Let n = 200 + -50. Suppose -2*v - n = -8*v. What is the tens digit of v?
2
Let p(j) = -j**2 - 5*j - 1. Let f be p(-4). Suppose 2*n - f*w + 7 = -4, 13 = -n + 4*w. What is the units digit of (n/(-1))/(0 + 1)?
1
Let g(x) = 22*x**3 + 2*x**2 - 2. Let j be g(2). Suppose 164 = 4*c - q, -j = -4*c + 5*q - 18. Suppose -8 = 3*i - c. What is the units digit of i?
1
Let a(h) be the first derivative of 10*h + 2 + 1/2*h**2. What is the units digit of a(-7)?
3
Let c be (-2)/5 - 8/(-20). Suppose c*d = -2*u + 3*d + 1, -d + 8 = u. What is the units digit of u?
5
Let d(s) = -s**2 + s - 1. Let j b